+ 26. Suppose 134 = 3*u + h - 0*h, -u + 50 = 3*h. Calculate the remainder when u is divided by t.
14
Suppose 7*f + 40 = 8*f. Let j(l) be the first derivative of -l**4/4 - 2*l**3/3 + 2*l**2 - 2*l - 2. What is the remainder when f is divided by j(-4)?
12
Let q = 14 - 24. What is the remainder when 11 is divided by 45/q*(-4)/3?
5
Let l be 2*1/(-2)*-1. What is the remainder when 18 is divided by l + (-2 - -7) + -1?
3
Let n(b) = b**3 - 7*b**2 + 8. Suppose 64 + 12 = 2*s. What is the remainder when s is divided by n(7)?
6
Suppose -o - 4*o + 13 = -x, -5*x + 1 = -3*o. What is the remainder when o is divided by 2?
1
Let n = 72 + -70. Calculate the remainder when n is divided by 1.
0
What is the remainder when 47 - (16/(-4) - -8) is divided by 31/2 - 2/4?
13
Let n(r) = -2*r + 23. What is the remainder when n(0) is divided by 6?
5
Suppose -20 = 4*w, -6*c = -2*c + 2*w - 154. Calculate the remainder when c is divided by 16.
9
Let y(u) = -u**3 - u**2 - u + 12. Let v = 13 - 6. Let i(s) = s**2 - 3*s + 7. What is the remainder when i(v) is divided by y(0)?
11
Suppose 0 = -4*b - 49 - 179. Calculate the remainder when b/6*(-1 - 1) is divided by 5.
4
Let r be 99/(-15) + 2/(-5). Let z(b) = 5*b**2 - 3*b - 12*b - 9 - 6*b**2. What is the remainder when z(r) is divided by 16?
15
Let p(v) = 9*v - 1. Calculate the remainder when p(6) is divided by 18.
17
Suppose 11 = 3*f + 4*j - 37, 0 = f - 4*j. Let u = -8 + f. Calculate the remainder when u is divided by 2.
0
Suppose -2*i - 1 = 1. Let t = 2 - i. Suppose m + t*m = 64. Calculate the remainder when m is divided by 6.
4
Suppose 5*c = 9 + 11, -4*q = -3*c + 8. What is the remainder when (-3)/(-3) - -16*q is divided by 6?
5
Calculate the remainder when 13 is divided by -3 + 7/((-21)/(-30)).
6
Let h(v) = v**3 + 7*v**2 + 2*v + 18. Calculate the remainder when 19 is divided by h(-7).
3
Let m be (81/(-18))/(1/(-4)). Let q be (-4)/m - 4/(-18). Suppose q = 5*r + 5*i - 75, 3*r + 2*r + i = 75. What is the remainder when 43 is divided by r?
13
Suppose -v - 2 = -0. Let o = -2 - v. Suppose 60 = 5*z - o*z. What is the remainder when 22 is divided by z?
10
Calculate the remainder when (1 + (-25)/15)*237/(-2) is divided by 42.
37
Let d be ((-1 + -9)/2)/(-1). Suppose -d*f + 0*f + 30 = 0. Suppose 0 = i + f - 20. Calculate the remainder when 41 is divided by i.
13
Suppose -3*f + 2*j = -135, 3*f + 2*j + 49 = 4*f. What is the remainder when f is divided by 26?
17
Let a(m) be the third derivative of m**4/3 - m**3/3 - m**2. Let x(w) = w**2 + 9*w + 2. Let d be x(-9). What is the remainder when a(d) is divided by 8?
6
Let r(x) = -2*x + 1 - 3 + x. What is the remainder when 7 is divided by r(-5)?
1
Let p(l) = -l + 2. Calculate the remainder when 45 is divided by p(-5).
3
Calculate the remainder when 17 is divided by 2 - (-3)/(-3)*-4.
5
Suppose -3*p + 38 + 22 = 0. Let u = p - 6. What is the remainder when 27 is divided by u?
13
Suppose -48 = -3*q + 6. Suppose -5*k + 208 = q. What is the remainder when k is divided by 10?
8
Let o = 6 - -16. Calculate the remainder when o is divided by 5.
2
Suppose -3*k - 2*b = 4 - 32, 0 = 2*k + 2*b - 20. What is the remainder when 44 is divided by k?
4
Suppose 1 = -5*d - 3*b - 162, -3*d - 94 = -2*b. Let f = -19 - d. What is the remainder when 25 is divided by f?
12
Let b = -40 - -57. What is the remainder when 50 is divided by b?
16
Calculate the remainder when 133 is divided by (-2 + -4)/(2 - (-20)/(-9)).
25
Suppose -z = 5, -24 = -0*s + 3*s + 3*z. Let o be (-10)/4*(1 + s). Suppose -5 = -o*y, y = -5*w + 62 + 99. Calculate the remainder when w is divided by 11.
10
Suppose -2*n = -7*n - 5*f - 450, -5*n - 2*f - 462 = 0. Let y = n - -58. Let v = y + 50. What is the remainder when 27 is divided by v?
13
Suppose -5*x = 20, 5*x - 8 = 6*z - 2*z. Let f = 13 + z. Calculate the remainder when 17 is divided by f.
5
Let s = 4 + -1. Suppose 5*r = -5*j + 20, 4*r + 2 = -s*j + 11. Let g = 3 + 1. What is the remainder when j is divided by g?
3
Let z = -232 - -350. Suppose -5*h - 2*n - 2*n = -z, -n - 107 = -4*h. Calculate the remainder when 50 is divided by h.
24
Suppose 2*z + 5*l = -9, -l + 12 = 2*z + 3*z. What is the remainder when 15 + z - -1 - -3 is divided by 12?
10
Let k = -76 - -93. Calculate the remainder when 33 is divided by k.
16
Let b(y) = 16*y**3 - 15*y**3 + 0*y**2 + 8*y**2 + 7. Calculate the remainder when 12 is divided by b(-8).
5
Let b = 14 + -7. What is the remainder when 26 is divided by b?
5
Suppose 4*o - 2 - 14 = 0. Suppose 0 = -z + a - 4 + 8, -3*z = -2*a - 9. Suppose c + z = o. Calculate the remainder when 5 is divided by c.
2
What is the remainder when 29 is divided by (-9)/(-3)*(-11)/(-3)?
7
Let m = -101 + 153. Let v = -2 + 6. Suppose -v*r + 54 = -r. What is the remainder when m is divided by r?
16
Let r be 610/9 + 6/27. Suppose n - 3*n + r = 0. Let o = -13 - -31. What is the remainder when n is divided by o?
16
Let m(q) = -q - 1. Let f be m(0). Let s be 56 + (-4)/(1 - f). Suppose -2*b = -0*b - s. What is the remainder when b is divided by 14?
13
Let a = -1 + 1. Let u(b) = b**3 + b**2 + b - 2. What is the remainder when u(2) is divided by (-1 - a) + 8 + 0?
5
Suppose -j - 25 = -2*j. Let x(a) = -1 - 4*a + a**2 - a + 0. Calculate the remainder when j is divided by x(7).
12
Suppose 4 = a + 1. Let g(u) = -6*u**2 - 5*u + 0*u + 0*u - u**3 - 2 + 5. What is the remainder when a is divided by g(-5)?
0
Calculate the remainder when 6/(12/98) + -1 is divided by 13.
9
Let a = -8 + 10. What is the remainder when 9*4/8*a is divided by 4?
1
Let j = 8 + 24. Calculate the remainder when j is divided by 9.
5
Let o(b) = 3*b - 15. Let p be o(10). Suppose q = -2*q + p. What is the remainder when 9 is divided by q?
4
Let w be 30/8 - 3/(-12). Suppose w*i = -i + 75. Let u(q) = -q**3 + q + 2. Calculate the remainder when i is divided by u(-2).
7
Suppose 36*f - 33*f = 201. Calculate the remainder when f is divided by 24.
19
Let f = 172 - 126. Calculate the remainder when 177 is divided by f.
39
Let q = 9 + -6. Suppose -u + 5*u - 18 = 3*f, q*u - 4*f - 17 = 0. What is the remainder when 18/(-45) - (-47)/5 is divided by u?
0
Let r(h) = 3*h - 1. Let c(y) = y + 7. Let b be c(5). Suppose 2*g = -2*g + b. Calculate the remainder when g is divided by r(1).
1
Let k be (2 - (-25 - -3)) + -3. Suppose 4*s = 3 + k. Calculate the remainder when s is divided by 4.
2
Let o(b) = b**3 + 6*b**2 + 5*b + 3. Suppose 5*w = -l + 34, 2*w = -2*l - 2*l + 118. What is the remainder when l is divided by o(-3)?
14
Let z(x) = -6*x**3 - 7*x**2 - 7*x + 3. Let m(b) = -5*b**3 - 7*b**2 - 6*b + 3. Let k(g) = 5*m(g) - 4*z(g). What is the remainder when 49 is divided by k(-7)?
15
Let s = 5 - -8. Suppose 0 = 3*h + 70 - 181. Calculate the remainder when h is divided by s.
11
What is the remainder when 19 is divided by (-8)/(-24) - (-64)/6?
8
Let f be 24*1 - (5 - 4). Let t = 54 - f. What is the remainder when t is divided by 16?
15
Let u(g) = 2*g - 6. Let o be u(4). Suppose -i + o*i + 4*r = -11, 0 = i - r - 4. Calculate the remainder when i is divided by 1.
0
Let t(o) = o**2 + 9*o + 13. What is the remainder when 24 is divided by t(-9)?
11
Let k = 22 - 11. Let y(m) = -17*m - 3. Suppose -2*r - 3*r = 10. Calculate the remainder when y(r) is divided by k.
9
Suppose 2*h + 4*b = -18, -2*h - b = 2 + 1. Let n be -1 + h + (-6)/(-1). What is the remainder when (9/n)/((-6)/(-136)) is divided by 18?
16
Suppose 0 = 5*w + 3*z - 15 - 21, 2*w = 4*z + 4. Suppose -3*i + 2*i + 11 = 0. Calculate the remainder when i is divided by w.
5
Let s be (2 + -5)*(-20)/12. Suppose 0 = -5*u - 4*o + 79, -4*o = -s*u + 52 + 59. Calculate the remainder when u is divided by 11.
8
Let b = -13 + 6. Let c = 11 + b. Suppose -2 = u - c. Calculate the remainder when u is divided by 2.
0
Let j = 180 - 13. Suppose -4*y = 3*a + 32 - 219, -3*a = 5*y - 188. Suppose -3*i + 66 = 4*v - a, -5*v = i - j. What is the remainder when v is divided by 12?
10
Let j = 11 - -6. Calculate the remainder when 67 is divided by j.
16
Let q be 424/10 + 6/(-15). Suppose 0 = -3*y - 0*y + q. Calculate the remainder when 26 is divided by y.
12
Suppose -4*n + o + 625 = 0, 2 + 4 = 2*o. Calculate the remainder when n is divided by 40.
37
Suppose 0 = 2*p + 2*p + 24. Let j be (2 - 2)/(p/(-3)). Suppose j = 2*g - 6 - 10. What is the remainder when 22 is d